{"id":1307,"date":"2020-11-12T11:12:10","date_gmt":"2020-11-12T11:12:10","guid":{"rendered":"https:\/\/trailse.com\/?page_id=1307"},"modified":"2022-09-15T18:39:17","modified_gmt":"2022-09-15T18:39:17","slug":"la-nostra-vila","status":"publish","type":"page","link":"https:\/\/trailse.com\/es\/la-nostra-vila\/","title":{"rendered":"La nostra vila"},"content":{"rendered":"<p>[et_pb_section fb_built=&#8221;1&#8243; next_background_color=&#8221;#ffffff&#8221; _builder_version=&#8221;4.16&#8243; background_image=&#8221;https:\/\/trailse.com\/wp-content\/uploads\/2020\/11\/61258621_1043455679185915_4627379257696321536_o.jpg&#8221; width=&#8221;100%&#8221; max_width=&#8221;100%&#8221; min_height=&#8221;100px&#8221; height=&#8221;703px&#8221; custom_padding=&#8221;||533px|||&#8221; bottom_divider_style=&#8221;slant&#8221; global_colors_info=&#8221;{}&#8221;][et_pb_row _builder_version=&#8221;4.16&#8243; use_background_color_gradient=&#8221;on&#8221; background_color_gradient_stops=&#8221;rgba(0,0,0,0) 0%|rgba(0,0,0,0) 100%&#8221; background_color_gradient_start=&#8221;rgba(0,0,0,0)&#8221; background_color_gradient_end=&#8221;rgba(0,0,0,0)&#8221; custom_padding=&#8221;||20px|||&#8221; global_colors_info=&#8221;{}&#8221;][et_pb_column type=&#8221;4_4&#8243; _builder_version=&#8221;4.16&#8243; global_colors_info=&#8221;{}&#8221;][et_pb_text _builder_version=&#8221;4.16&#8243; text_text_color=&#8221;#ffffff&#8221; text_font_size=&#8221;54px&#8221; custom_margin=&#8221;||-24px|||&#8221; custom_padding=&#8221;||5px|||&#8221; text_text_shadow_style=&#8221;preset2&#8243; global_colors_info=&#8221;{}&#8221;]<\/p>\n<p><strong>SANT ESTEVE DE PALAUTORDERA<\/strong><\/p>\n<p>[\/et_pb_text][\/et_pb_column][\/et_pb_row][et_pb_row _builder_version=&#8221;4.16&#8243; background_color=&#8221;rgba(0,0,0,0)&#8221; global_colors_info=&#8221;{}&#8221;][et_pb_column type=&#8221;4_4&#8243; _builder_version=&#8221;4.16&#8243; global_colors_info=&#8221;{}&#8221;][et_pb_text _builder_version=&#8221;4.16&#8243; text_text_color=&#8221;#ffffff&#8221; text_font_size=&#8221;31px&#8221; text_letter_spacing=&#8221;35px&#8221; text_text_shadow_style=&#8221;preset2&#8243; global_colors_info=&#8221;{}&#8221;]<\/p>\n<p>&#8220;La vila del Trail&#8221;<\/p>\n<p>[\/et_pb_text][\/et_pb_column][\/et_pb_row][\/et_pb_section][et_pb_section fb_built=&#8221;1&#8243; _builder_version=&#8221;4.16&#8243; custom_padding=&#8221;||1px|||&#8221; global_colors_info=&#8221;{}&#8221;][et_pb_row _builder_version=&#8221;4.16&#8243; custom_margin=&#8221;-46px|auto||auto||&#8221; global_colors_info=&#8221;{}&#8221;][et_pb_column type=&#8221;4_4&#8243; _builder_version=&#8221;4.16&#8243; global_colors_info=&#8221;{}&#8221;][et_pb_image src=&#8221;https:\/\/trailse.com\/wp-content\/uploads\/2020\/11\/372px-Escut_de_Sant_Esteve_de_Palautordera.svg_.png&#8221; url=&#8221;http:\/\/www.santestevedepalautordera.cat\/&#8221; align=&#8221;center&#8221; _builder_version=&#8221;4.16&#8243; width=&#8221;23%&#8221; global_colors_info=&#8221;{}&#8221;][\/et_pb_image][\/et_pb_column][\/et_pb_row][et_pb_row _builder_version=&#8221;4.16&#8243; global_colors_info=&#8221;{}&#8221;][et_pb_column type=&#8221;4_4&#8243; _builder_version=&#8221;4.16&#8243; global_colors_info=&#8221;{}&#8221;][et_pb_text _builder_version=&#8221;4.16&#8243; global_colors_info=&#8221;{}&#8221;]<\/p>\n<h2 style=\"text-align: center;\"><strong>Sant Esteve de Palautordera<\/strong><\/h2>\n<h4 style=\"text-align: center;\"><strong>&#8220;La Vila del Trail&#8221;<\/strong><\/h4>\n<p>[\/et_pb_text][\/et_pb_column][\/et_pb_row][\/et_pb_section][et_pb_section fb_built=&#8221;1&#8243; _builder_version=&#8221;4.16&#8243; global_colors_info=&#8221;{}&#8221;][et_pb_row _builder_version=&#8221;4.16&#8243; custom_padding=&#8221;1px||0px|||&#8221; global_colors_info=&#8221;{}&#8221;][et_pb_column type=&#8221;4_4&#8243; _builder_version=&#8221;4.16&#8243; global_colors_info=&#8221;{}&#8221;][et_pb_text _builder_version=&#8221;4.16&#8243; custom_padding=&#8221;||0px|||&#8221; global_colors_info=&#8221;{}&#8221;]<\/p>\n<p style=\"text-align: center;\"><span style=\"color: #5e5e5e; font-family: inherit;\">Sant Esteve, situat als peus del Montseny \u00e9s una de les principals portes al Parc Natural, amb el que si vols anar al Parc, cap a la zona del <span style=\"font-weight: normal;\">Poble del Montseny, Collformic o b\u00e9 al Matagalls per dir alguns llocs, \u00e9s gairab\u00e9 de pas obligat si vens per l&#8217;AP7.<\/span><\/span><\/p>\n<p style=\"text-align: center;\"><span style=\"color: #5e5e5e; font-family: inherit; font-weight: normal;\">Limitem pel nord amb Fogars de Montcl\u00fas, per l&#8217;oest amb Sant Pere de Vilamajor i pel sud amb Santa Maria de Palautordera.<\/span><\/p>\n<p style=\"text-align: center;\"><span style=\"color: #5e5e5e; font-family: inherit; font-weight: normal;\"><\/span><\/p>\n<p style=\"text-align: center;\"><span style=\"color: #5e5e5e; font-family: inherit; font-weight: normal;\">Ens vols venir a veure? Doncs amb cotxe ho far\u00e0s per l&#8217;AP7 i per la carrera C35, les sortides si v\u00e9ns des de Barcelona per l&#8217;AP7 s\u00f3n les de Cardedeu, o b\u00e9 la de Sant Celoni, si et vols estalviar un peatge nosaltres t&#8217;aconsellem la de Cardedeu, i si v\u00e9ns des de Girona, la millor \u00e9s la de Sant Celoni, per\u00f2 tamb\u00e9 pots sortir per Hostalric, la carretera fins a Sant Esteve \u00e9s bona i gaireb\u00e9 tota recta.<br \/>Que v\u00e9ns amb tren, doncs has de baixar al baixador de Santa Maria de Palautordera, l&#8217;estaci\u00f3 queda una mica lluny de poble, una putada, s\u00f3n uns 4 o 5 km aproximadament, de tota manera hi ha servei de bus, informa&#8217;t al web de l&#8217;ajuntament de Palau.<\/span><\/p>\n<p style=\"text-align: center;\"><span style=\"color: #5e5e5e; font-family: inherit; font-weight: normal;\"> (\u00a0<span><a href=\"https:\/\/www.smpalautordera.cat\/el-municipi\/transport-public-\/\">https:\/\/www.smpalautordera.cat\/el-municipi\/transport-public-\/<\/a>\u00a0)<\/span><\/span><\/p>\n<p><span style=\"color: #5e5e5e; font-family: inherit; font-weight: normal;\"><\/span><\/p>\n<p><span style=\"color: #5e5e5e; font-family: inherit; font-weight: normal;\"><\/span><\/p>\n<p>[\/et_pb_text][et_pb_divider color=&#8221;#0c71c3&#8243; divider_weight=&#8221;2px&#8221; _builder_version=&#8221;4.16&#8243; global_colors_info=&#8221;{}&#8221;][\/et_pb_divider][\/et_pb_column][\/et_pb_row][et_pb_row _builder_version=&#8221;4.16&#8243; custom_padding=&#8221;0px|||||&#8221; global_colors_info=&#8221;{}&#8221;][et_pb_column type=&#8221;4_4&#8243; _builder_version=&#8221;4.16&#8243; global_colors_info=&#8221;{}&#8221;][et_pb_text _builder_version=&#8221;4.16&#8243; min_height=&#8221;58px&#8221; custom_margin=&#8221;||15px|||&#8221; custom_padding=&#8221;22px||0px|||&#8221; global_colors_info=&#8221;{}&#8221;]<\/p>\n<h4 style=\"text-align: center;\"><strong>&#8220;Sant Esteve, la vila del Trail&#8221;<\/strong><\/h4>\n<p>[\/et_pb_text][et_pb_text _builder_version=&#8221;4.16&#8243; custom_padding=&#8221;0px||0px|||&#8221; global_colors_info=&#8221;{}&#8221;]<\/p>\n<p style=\"background-color: #ffffff; font-size: 14px;\"><span style=\"font-size: 14px; color: #6b6b6b;\">Que coi pots fer si ens v\u00e9ns a veura&#8217;ns? Buff!!! Si t&#8217;agrada la natura et faltaran hores, i si t&#8217;agrada menjar b\u00e9, els restaurants de la zona realment s\u00f3n una passada.<\/span><\/p>\n<p style=\"background-color: #ffffff; font-size: 14px;\"><span style=\"color: #6b6b6b;\">Per\u00f2 parlem del nostre tema, Sant Esteve \u00e9s la <strong>&#8220;Vila del Trail&#8221;<\/strong>, curses com la &#8220;Marat\u00f3 del Montseny&#8221;, &#8220;La Ultra Montseny&#8221;, &#8220;La Sotabosc&#8221;, &#8220;El TSE&#8221;, &#8220;La Marxa de l&#8217;11 de setembre&#8221; la &#8220;Cursa de Santa Margarida&#8221; o b\u00e9 La &#8220;Mini Trail&#8221; s\u00f3n filles de Sant Esteve, totes elles tenen el seu km 0 en els carrers de la nostra Vila.<\/span><br \/><span style=\"color: #6b6b6b;\">Sant Esteve \u00e9s un excel\u00b7lent Camp Base, perfecte per iniciar les teves sortides, des d&#8217;una tranquil \u00b7 la a la m\u00e9s heavy que et puguis imaginar, aix\u00f2 si, marcades poques, aqu\u00ed hauriem de fer quelcom, la del &#8220;Tourdera&#8221; i el &#8220;Cam\u00ed&#8221;, i circular cap, de manera que haur\u00e0s de tirar track o enginy. Que no saps com va un track? Que no tens gps? Doncs res, envia&#8217;t l&#8217;ubicaci\u00f3 via whats, i tria un cam\u00ed que ja tornar\u00e0s, t&#8217;assegurem que escullis el que escullis no et defraudar\u00e0.<\/span><\/p>\n<p style=\"background-color: #ffffff; font-size: 14px;\"><span style=\"color: #6b6b6b;\">Nosaltres t&#8217;aconsellem diverses sortides; suau i familiar la del &#8220;Tourdera&#8221; i fins al Castell de Montcl\u00fas o dels &#8220;Moros&#8221; com en diem per la zona.<\/span><br \/><span style=\"color: #6b6b6b;\">M\u00e9s b\u00e8stia? Tira cap a Sant Elies, la panor\u00e0mica del Montseny \u00e9s incre\u00efble i l&#8217;energia que es repira a l&#8217;ermita \u00e9s unica, que vols m\u00e9s, segueix el PR que trobar\u00e0s a Sant Elies i arribar\u00e0s al Sui i Pla de la Calma, en total aqui m\u00e9s menys tens uns 30k anada i tornada.<\/span><br \/><span style=\"color: #6b6b6b;\">Que et semblen pocs, doncs va mil homes, descarrega&#8217;t el track de la Marat\u00f3 de Montseny i ja saps 45k, el Matagalls, les Agudes i el Turo t&#8217;esperen si t&#8217;atreveixes.<\/span><\/p>\n<p><span style=\"color: #6b6b6b; font-size: 14px;\">De deb\u00f2, tens mil rutes a peu o en btt, ja et pots treure la mandra de sobre, deixa el cotxe, la furgo o l&#8217;autocaravana en les \u00e0mplies zones d&#8217;aparcament de poble, en tens moltes i grans, i si vens en autocarava ho tens perfecte, i decobreix aquest fant\u00e0stic vila situada al cor del Montseny , perdre&#8217;t pels seus boscos, passeja per la riba de la Tordera, i parate a menjar en qualsevol dels restaurants de la zona, \u00e9s una experi\u00e8ncia brutal, a Sant Esteve passar\u00e0s un dia inoblidable, paraula.<\/span><\/p>\n<p>[\/et_pb_text][\/et_pb_column][\/et_pb_row][et_pb_row column_structure=&#8221;1_2,1_2&#8243; _builder_version=&#8221;4.16&#8243; global_colors_info=&#8221;{}&#8221;][et_pb_column type=&#8221;1_2&#8243; _builder_version=&#8221;4.16&#8243; global_colors_info=&#8221;{}&#8221;][et_pb_text _builder_version=&#8221;4.16&#8243; text_text_shadow_style=&#8221;preset2&#8243; global_colors_info=&#8221;{}&#8221;]<\/p>\n<h3 style=\"text-align: center;\"><strong>On dormir, on endrapar i m\u00e9s \u21d2<\/strong><\/h3>\n<p>[\/et_pb_text][\/et_pb_column][et_pb_column type=&#8221;1_2&#8243; _builder_version=&#8221;4.16&#8243; global_colors_info=&#8221;{}&#8221;][et_pb_button button_url=&#8221;http:\/\/www.santestevedepalautordera.cat\/el-municipi\/comercos-i-empreses\/&#8221; button_text=&#8221;Sant Esteve i els seus comer\u00e7os&#8221; button_alignment=&#8221;center&#8221; _builder_version=&#8221;4.16&#8243; custom_button=&#8221;on&#8221; button_text_color=&#8221;#0c71c3&#8243; button_border_radius=&#8221;10px&#8221; button_icon=&#8221;&#xe106;||divi||400&#8243; button_text_shadow_style=&#8221;preset2&#8243; box_shadow_style=&#8221;preset2&#8243; global_colors_info=&#8221;{}&#8221;][\/et_pb_button][\/et_pb_column][\/et_pb_row][et_pb_row column_structure=&#8221;1_2,1_2&#8243; _builder_version=&#8221;4.16&#8243; global_colors_info=&#8221;{}&#8221;][et_pb_column type=&#8221;1_2&#8243; _builder_version=&#8221;4.16&#8243; global_colors_info=&#8221;{}&#8221;][et_pb_text _builder_version=&#8221;4.16&#8243; text_text_shadow_style=&#8221;preset2&#8243; global_colors_info=&#8221;{}&#8221;]<\/p>\n<h3 style=\"text-align: center;\"><strong>Festes, festetes i festatsses\u21d2<\/strong><\/h3>\n<p>[\/et_pb_text][\/et_pb_column][et_pb_column type=&#8221;1_2&#8243; _builder_version=&#8221;4.16&#8243; global_colors_info=&#8221;{}&#8221;][et_pb_button button_url=&#8221;http:\/\/www.santestevedepalautordera.cat\/cultura-i-festes-populars\/&#8221; button_text=&#8221;Acitivitats culturals &#8221; button_alignment=&#8221;center&#8221; _builder_version=&#8221;4.16&#8243; custom_button=&#8221;on&#8221; button_text_color=&#8221;#0c71c3&#8243; button_border_radius=&#8221;10px&#8221; button_icon=&#8221;&#xe106;||divi||400&#8243; button_text_shadow_style=&#8221;preset2&#8243; box_shadow_style=&#8221;preset2&#8243; global_colors_info=&#8221;{}&#8221;][\/et_pb_button][\/et_pb_column][\/et_pb_row][\/et_pb_section]<\/p>\n","protected":false},"excerpt":{"rendered":"<p>SANT ESTEVE DE PALAUTORDERA&#8221;La vila del Trail&#8221;Sant Esteve de Palautordera &#8220;La Vila del Trail&#8221;Sant Esteve, situat als peus del Montseny \u00e9s una de les principals portes al Parc Natural, amb el que si vols anar al Parc, cap a la zona del Poble del Montseny, Collformic o b\u00e9 al Matagalls per dir alguns llocs, \u00e9s [&hellip;]<\/p>\n","protected":false},"author":4,"featured_media":0,"parent":0,"menu_order":0,"comment_status":"closed","ping_status":"closed","template":"","meta":{"_et_pb_use_builder":"on","_et_pb_old_content":"","_et_gb_content_width":"","footnotes":""},"class_list":["post-1307","page","type-page","status-publish","hentry"],"_links":{"self":[{"href":"https:\/\/trailse.com\/es\/wp-json\/wp\/v2\/pages\/1307","targetHints":{"allow":["GET"]}}],"collection":[{"href":"https:\/\/trailse.com\/es\/wp-json\/wp\/v2\/pages"}],"about":[{"href":"https:\/\/trailse.com\/es\/wp-json\/wp\/v2\/types\/page"}],"author":[{"embeddable":true,"href":"https:\/\/trailse.com\/es\/wp-json\/wp\/v2\/users\/4"}],"replies":[{"embeddable":true,"href":"https:\/\/trailse.com\/es\/wp-json\/wp\/v2\/comments?post=1307"}],"version-history":[{"count":22,"href":"https:\/\/trailse.com\/es\/wp-json\/wp\/v2\/pages\/1307\/revisions"}],"predecessor-version":[{"id":2115,"href":"https:\/\/trailse.com\/es\/wp-json\/wp\/v2\/pages\/1307\/revisions\/2115"}],"wp:attachment":[{"href":"https:\/\/trailse.com\/es\/wp-json\/wp\/v2\/media?parent=1307"}],"curies":[{"name":"wp","href":"https:\/\/api.w.org\/{rel}","templated":true}]}}

<p>[et_pb_section fb_built=&#8221;1&#8243; next_background_color=&#8221;#ffffff&#8221; _builder_version=&#8221;4.16&#8243; background_image=&#8221;https://trailse.com/wp-content/uploads/2020/11/61258621_1043455679185915_4627379257696321536_o.jpg&#8221; width=&#8221;100%&#8221; max_width=&#8221;100%&#8221; min_height=&#8221;100px&#8221; height=&#8221;703px&#8221; custom_padding=&#8221;||533px|||&#8221; bottom_divider_style=&#8221;slant&#8221; global_colors_info=&#8221;{}&#8221;][et_pb_row _builder_version=&#8221;4.16&#8243; use_background_color_gradient=&#8221;on&#8221; background_color_gradient_stops=&#8221;rgba(0,0,0,0) 0%|rgba(0,0,0,0) 100%&#8221; background_color_gradient_start=&#8221;rgba(0,0,0,0)&#8221; background_color_gradient_end=&#8221;rgba(0,0,0,0)&#8221; custom_padding=&#8221;||20px|||&#8221; global_colors_info=&#8221;{}&#8221;][et_pb_column type=&#8221;4_4&#8243; _builder_version=&#8221;4.16&#8243; global_colors_info=&#8221;{}&#8221;][et_pb_text _builder_version=&#8221;4.16&#8243; text_text_color=&#8221;#ffffff&#8221; text_font_size=&#8221;54px&#8221; custom_margin=&#8221;||-24px|||&#8221; custom_padding=&#8221;||5px|||&#8221; text_text_shadow_style=&#8221;preset2&#8243; global_colors_info=&#8221;{}&#8221;]</p>
<p><strong>SANT ESTEVE DE PALAUTORDERA</strong></p>
<p>[/et_pb_text][/et_pb_column][/et_pb_row][et_pb_row _builder_version=&#8221;4.16&#8243; background_color=&#8221;rgba(0,0,0,0)&#8221; global_colors_info=&#8221;{}&#8221;][et_pb_column type=&#8221;4_4&#8243; _builder_version=&#8221;4.16&#8243; global_colors_info=&#8221;{}&#8221;][et_pb_text _builder_version=&#8221;4.16&#8243; text_text_color=&#8221;#ffffff&#8221; text_font_size=&#8221;31px&#8221; text_letter_spacing=&#8221;35px&#8221; text_text_shadow_style=&#8221;preset2&#8243; global_colors_info=&#8221;{}&#8221;]</p>
<p>&#8220;La vila del Trail&#8221;</p>
<p>[/et_pb_text][/et_pb_column][/et_pb_row][/et_pb_section][et_pb_section fb_built=&#8221;1&#8243; _builder_version=&#8221;4.16&#8243; custom_padding=&#8221;||1px|||&#8221; global_colors_info=&#8221;{}&#8221;][et_pb_row _builder_version=&#8221;4.16&#8243; custom_margin=&#8221;-46px|auto||auto||&#8221; global_colors_info=&#8221;{}&#8221;][et_pb_column type=&#8221;4_4&#8243; _builder_version=&#8221;4.16&#8243; global_colors_info=&#8221;{}&#8221;][et_pb_image src=&#8221;https://trailse.com/wp-content/uploads/2020/11/372px-Escut_de_Sant_Esteve_de_Palautordera.svg_.png&#8221; url=&#8221;http://www.santestevedepalautordera.cat/&#8221; align=&#8221;center&#8221; _builder_version=&#8221;4.16&#8243; width=&#8221;23%&#8221; global_colors_info=&#8221;{}&#8221;][/et_pb_image][/et_pb_column][/et_pb_row][et_pb_row _builder_version=&#8221;4.16&#8243; global_colors_info=&#8221;{}&#8221;][et_pb_column type=&#8221;4_4&#8243; _builder_version=&#8221;4.16&#8243; global_colors_info=&#8221;{}&#8221;][et_pb_text _builder_version=&#8221;4.16&#8243; global_colors_info=&#8221;{}&#8221;]</p>
<h2 style="text-align: center;"><strong>Sant Esteve de Palautordera</strong></h2>
<h4 style="text-align: center;"><strong>&#8220;La Vila del Trail&#8221;</strong></h4>
<p>[/et_pb_text][/et_pb_column][/et_pb_row][/et_pb_section][et_pb_section fb_built=&#8221;1&#8243; _builder_version=&#8221;4.16&#8243; global_colors_info=&#8221;{}&#8221;][et_pb_row _builder_version=&#8221;4.16&#8243; custom_padding=&#8221;1px||0px|||&#8221; global_colors_info=&#8221;{}&#8221;][et_pb_column type=&#8221;4_4&#8243; _builder_version=&#8221;4.16&#8243; global_colors_info=&#8221;{}&#8221;][et_pb_text _builder_version=&#8221;4.16&#8243; custom_padding=&#8221;||0px|||&#8221; global_colors_info=&#8221;{}&#8221;]</p>
<p style="text-align: center;"><span style="color: #5e5e5e; font-family: inherit;">Sant Esteve, situat als peus del Montseny és una de les principals portes al Parc Natural, amb el que si vols anar al Parc, cap a la zona del <span style="font-weight: normal;">Poble del Montseny, Collformic o bé al Matagalls per dir alguns llocs, és gairabé de pas obligat si vens per l&#8217;AP7.</span></span></p>
<p style="text-align: center;"><span style="color: #5e5e5e; font-family: inherit; font-weight: normal;">Limitem pel nord amb Fogars de Montclús, per l&#8217;oest amb Sant Pere de Vilamajor i pel sud amb Santa Maria de Palautordera.</span></p>
<p style="text-align: center;"><span style="color: #5e5e5e; font-family: inherit; font-weight: normal;"></span></p>
<p style="text-align: center;"><span style="color: #5e5e5e; font-family: inherit; font-weight: normal;">Ens vols venir a veure? Doncs amb cotxe ho faràs per l&#8217;AP7 i per la carrera C35, les sortides si véns des de Barcelona per l&#8217;AP7 són les de Cardedeu, o bé la de Sant Celoni, si et vols estalviar un peatge nosaltres t&#8217;aconsellem la de Cardedeu, i si véns des de Girona, la millor és la de Sant Celoni, però també pots sortir per Hostalric, la carretera fins a Sant Esteve és bona i gairebé tota recta.<br />Que véns amb tren, doncs has de baixar al baixador de Santa Maria de Palautordera, l&#8217;estació queda una mica lluny de poble, una putada, són uns 4 o 5 km aproximadament, de tota manera hi ha servei de bus, informa&#8217;t al web de l&#8217;ajuntament de Palau.</span></p>
<p style="text-align: center;"><span style="color: #5e5e5e; font-family: inherit; font-weight: normal;"> ( <span><a href="https://www.smpalautordera.cat/el-municipi/transport-public-/">https://www.smpalautordera.cat/el-municipi/transport-public-/</a> )</span></span></p>
<p><span style="color: #5e5e5e; font-family: inherit; font-weight: normal;"></span></p>
<p><span style="color: #5e5e5e; font-family: inherit; font-weight: normal;"></span></p>
<p>[/et_pb_text][et_pb_divider color=&#8221;#0c71c3&#8243; divider_weight=&#8221;2px&#8221; _builder_version=&#8221;4.16&#8243; global_colors_info=&#8221;{}&#8221;][/et_pb_divider][/et_pb_column][/et_pb_row][et_pb_row _builder_version=&#8221;4.16&#8243; custom_padding=&#8221;0px|||||&#8221; global_colors_info=&#8221;{}&#8221;][et_pb_column type=&#8221;4_4&#8243; _builder_version=&#8221;4.16&#8243; global_colors_info=&#8221;{}&#8221;][et_pb_text _builder_version=&#8221;4.16&#8243; min_height=&#8221;58px&#8221; custom_margin=&#8221;||15px|||&#8221; custom_padding=&#8221;22px||0px|||&#8221; global_colors_info=&#8221;{}&#8221;]</p>
<h4 style="text-align: center;"><strong>&#8220;Sant Esteve, la vila del Trail&#8221;</strong></h4>
<p>[/et_pb_text][et_pb_text _builder_version=&#8221;4.16&#8243; custom_padding=&#8221;0px||0px|||&#8221; global_colors_info=&#8221;{}&#8221;]</p>
<p style="background-color: #ffffff; font-size: 14px;"><span style="font-size: 14px; color: #6b6b6b;">Que coi pots fer si ens véns a veura&#8217;ns? Buff!!! Si t&#8217;agrada la natura et faltaran hores, i si t&#8217;agrada menjar bé, els restaurants de la zona realment són una passada.</span></p>
<p style="background-color: #ffffff; font-size: 14px;"><span style="color: #6b6b6b;">Però parlem del nostre tema, Sant Esteve és la <strong>&#8220;Vila del Trail&#8221;</strong>, curses com la &#8220;Marató del Montseny&#8221;, &#8220;La Ultra Montseny&#8221;, &#8220;La Sotabosc&#8221;, &#8220;El TSE&#8221;, &#8220;La Marxa de l&#8217;11 de setembre&#8221; la &#8220;Cursa de Santa Margarida&#8221; o bé La &#8220;Mini Trail&#8221; són filles de Sant Esteve, totes elles tenen el seu km 0 en els carrers de la nostra Vila.</span><br /><span style="color: #6b6b6b;">Sant Esteve és un excel·lent Camp Base, perfecte per iniciar les teves sortides, des d&#8217;una tranquil · la a la més heavy que et puguis imaginar, això si, marcades poques, aquí hauriem de fer quelcom, la del &#8220;Tourdera&#8221; i el &#8220;Camí&#8221;, i circular cap, de manera que hauràs de tirar track o enginy. Que no saps com va un track? Que no tens gps? Doncs res, envia&#8217;t l&#8217;ubicació via whats, i tria un camí que ja tornaràs, t&#8217;assegurem que escullis el que escullis no et defraudarà.</span></p>
<p style="background-color: #ffffff; font-size: 14px;"><span style="color: #6b6b6b;">Nosaltres t&#8217;aconsellem diverses sortides; suau i familiar la del &#8220;Tourdera&#8221; i fins al Castell de Montclús o dels &#8220;Moros&#8221; com en diem per la zona.</span><br /><span style="color: #6b6b6b;">Més bèstia? Tira cap a Sant Elies, la panoràmica del Montseny és increïble i l&#8217;energia que es repira a l&#8217;ermita és unica, que vols més, segueix el PR que trobaràs a Sant Elies i arribaràs al Sui i Pla de la Calma, en total aqui més menys tens uns 30k anada i tornada.</span><br /><span style="color: #6b6b6b;">Que et semblen pocs, doncs va mil homes, descarrega&#8217;t el track de la Marató de Montseny i ja saps 45k, el Matagalls, les Agudes i el Turo t&#8217;esperen si t&#8217;atreveixes.</span></p>
<p><span style="color: #6b6b6b; font-size: 14px;">De debò, tens mil rutes a peu o en btt, ja et pots treure la mandra de sobre, deixa el cotxe, la furgo o l&#8217;autocaravana en les àmplies zones d&#8217;aparcament de poble, en tens moltes i grans, i si vens en autocarava ho tens perfecte, i decobreix aquest fantàstic vila situada al cor del Montseny , perdre&#8217;t pels seus boscos, passeja per la riba de la Tordera, i parate a menjar en qualsevol dels restaurants de la zona, és una experiència brutal, a Sant Esteve passaràs un dia inoblidable, paraula.</span></p>
<p>[/et_pb_text][/et_pb_column][/et_pb_row][et_pb_row column_structure=&#8221;1_2,1_2&#8243; _builder_version=&#8221;4.16&#8243; global_colors_info=&#8221;{}&#8221;][et_pb_column type=&#8221;1_2&#8243; _builder_version=&#8221;4.16&#8243; global_colors_info=&#8221;{}&#8221;][et_pb_text _builder_version=&#8221;4.16&#8243; text_text_shadow_style=&#8221;preset2&#8243; global_colors_info=&#8221;{}&#8221;]</p>
<h3 style="text-align: center;"><strong>On dormir, on endrapar i més ⇒</strong></h3>
<p>[/et_pb_text][/et_pb_column][et_pb_column type=&#8221;1_2&#8243; _builder_version=&#8221;4.16&#8243; global_colors_info=&#8221;{}&#8221;][et_pb_button button_url=&#8221;http://www.santestevedepalautordera.cat/el-municipi/comercos-i-empreses/&#8221; button_text=&#8221;Sant Esteve i els seus comerços&#8221; button_alignment=&#8221;center&#8221; _builder_version=&#8221;4.16&#8243; custom_button=&#8221;on&#8221; button_text_color=&#8221;#0c71c3&#8243; button_border_radius=&#8221;10px&#8221; button_icon=&#8221;&#xe106;||divi||400&#8243; button_text_shadow_style=&#8221;preset2&#8243; box_shadow_style=&#8221;preset2&#8243; global_colors_info=&#8221;{}&#8221;][/et_pb_button][/et_pb_column][/et_pb_row][et_pb_row column_structure=&#8221;1_2,1_2&#8243; _builder_version=&#8221;4.16&#8243; global_colors_info=&#8221;{}&#8221;][et_pb_column type=&#8221;1_2&#8243; _builder_version=&#8221;4.16&#8243; global_colors_info=&#8221;{}&#8221;][et_pb_text _builder_version=&#8221;4.16&#8243; text_text_shadow_style=&#8221;preset2&#8243; global_colors_info=&#8221;{}&#8221;]</p>
<h3 style="text-align: center;"><strong>Festes, festetes i festatsses⇒</strong></h3>
<p>[/et_pb_text][/et_pb_column][et_pb_column type=&#8221;1_2&#8243; _builder_version=&#8221;4.16&#8243; global_colors_info=&#8221;{}&#8221;][et_pb_button button_url=&#8221;http://www.santestevedepalautordera.cat/cultura-i-festes-populars/&#8221; button_text=&#8221;Acitivitats culturals &#8221; button_alignment=&#8221;center&#8221; _builder_version=&#8221;4.16&#8243; custom_button=&#8221;on&#8221; button_text_color=&#8221;#0c71c3&#8243; button_border_radius=&#8221;10px&#8221; button_icon=&#8221;&#xe106;||divi||400&#8243; button_text_shadow_style=&#8221;preset2&#8243; box_shadow_style=&#8221;preset2&#8243; global_colors_info=&#8221;{}&#8221;][/et_pb_button][/et_pb_column][/et_pb_row][/et_pb_section]</p>

<p>SANT ESTEVE DE PALAUTORDERA&#8221;La vila del Trail&#8221;Sant Esteve de Palautordera &#8220;La Vila del Trail&#8221;Sant Esteve, situat als peus del Montseny és una de les principals portes al Parc Natural, amb el que si vols anar al Parc, cap a la zona del Poble del Montseny, Collformic o bé al Matagalls per dir alguns llocs, és [&hellip;]</p>
